 -35. Suppose -2*z + z + f = 0. What is the remainder when z is divided by 11?
9
What is the remainder when 5 is divided by -1*4*4/(-8)?
1
Suppose -27 - 11 = b. Let m(v) = -v**3 + 7*v**2 - 6*v - 7. What is the remainder when 1/((-3)/b)*3 is divided by m(5)?
12
Suppose -3 - 1 = -2*r. Calculate the remainder when 41 is divided by -2 + (-1 - -15) + r.
13
Suppose -3*u = -2*l - 10, 2*u - 2 = -0*u - l. Suppose 32 + u = v. What is the remainder when v is divided by 18?
16
Let b = 328 - 199. Calculate the remainder when b is divided by 33.
30
Suppose -2*w = 3*p - 4 - 2, 3*p = 5*w + 6. Let x = w + 6. Calculate the remainder when 22 is divided by x.
4
Suppose -5*t = -5*n + 535, 3 = 2*n - t - 214. What is the remainder when n is divided by 37?
36
Suppose 4*n = -9*n + 2704. What is the remainder when n is divided by 42?
40
Let h(b) = b - 15. Let r be h(10). Let u = r + 44. What is the remainder when u is divided by 14?
11
Let l(z) be the second derivative of z**4/4 + z**3/6 - 5*z. What is the remainder when 598/22 - (-2)/(-11) is divided by l(-2)?
7
Let n = 1 + 0. Let m = 0 - n. What is the remainder when (15/(-6))/m*4 is divided by 4?
2
Suppose 5*g + 5*z - 49 = g, -5 = -5*g + 5*z. Let v(q) = -q**3 + 7*q**2 + 1. Calculate the remainder when v(g) is divided by 13.
11
Let k(l) = l**3 + 4*l**2 - 2*l - 2. Let o(u) = 4*u**3 + u**2 - 2*u + 1. Calculate the remainder when k(-3) is divided by o(1).
1
Suppose 3*r = 3*c - 57, 0 = c - 0*r + r - 29. Suppose -2*q + 3*q = 7. Let l = q + 6. Calculate the remainder when c is divided by l.
11
Suppose a = -4*q - 15, 20 = 4*a - 3*q - 15. Suppose -a*z = 41 + 349. What is the remainder when (-1)/(-2) + z/(-4) is divided by 11?
9
Calculate the remainder when 13/(((-6)/(-10))/3) is divided by 17.
14
Let k(d) = 9*d**2 - d - 1. Let q = 7 + -4. Suppose -4*i - r = -5*i - 3, i + 7 = q*r. Calculate the remainder when k(i) is divided by 5.
4
Suppose -n + 6 = -2*f - 8, -n - 3*f + 14 = 0. Suppose -5*g = -n + 4. Let s = 2 + 0. What is the remainder when g is divided by s?
0
Suppose 7*v - 2*v - 10 = 0. Suppose v*z - 5 = 25. Calculate the remainder when 44 is divided by z.
14
Let n = 120 + -99. Calculate the remainder when 53 is divided by n.
11
Suppose y - 3 = 0, 2*y - 12 - 3 = -3*b. Suppose -b*w + w = 0. Suppose 2*v - 7*v = -5*g - 25, -2*g - 2 = w. What is the remainder when 10 is divided by v?
2
Let l(k) = k**2 + k + 8. What is the remainder when l(0) is divided by 5?
3
Calculate the remainder when 366/4*4/6 is divided by 21.
19
Let g = -51 + 103. What is the remainder when g is divided by 27?
25
Let s = 316 + -27. Suppose 5*w - x - s - 57 = 0, -5*x = 5. What is the remainder when w is divided by 18?
15
Suppose -9*m + 266 = -2*m. Calculate the remainder when m is divided by 8.
6
Suppose -4*v + 8*v = 8, 0 = p + 3*v - 21. Calculate the remainder when 42 is divided by p.
12
Let q(x) = -x + 13. Let g be q(7). Let r be -3 + 52 + g/3. Suppose -34 = -5*v + r. What is the remainder when v is divided by 6?
5
Let v = 88 - 10. Suppose -3*w + 60 = -v. Suppose 3*y + w - 154 = 0. What is the remainder when y is divided by 19?
17
Let u = 242 - 135. Let f = u - 58. Calculate the remainder when f is divided by 17.
15
Suppose -b + 0*b = -6. Let t(i) = -i**3 + 7*i**2 - 6*i + 4. What is the remainder when 13 is divided by t(b)?
1
What is the remainder when 124 is divided by 40/24*(0 - -15)?
24
What is the remainder when (35/(-150) - (-2)/(-12))*-40 is divided by 16?
0
Let x(u) = -u**2 + 15*u - 14. Calculate the remainder when 87 is divided by x(12).
21
Suppose v + 2*v = -2*b + 31, 3 = v. What is the remainder when b is divided by 8?
3
Let f = -7 + 13. Suppose -61 = -5*r + 24. What is the remainder when r is divided by f?
5
Let z(k) = k + 2 - 2 + k. Suppose -4*m + 8 + 28 = 0. Calculate the remainder when z(m) is divided by 5.
3
Suppose 3*w + 73 = -3*l + 190, -3*w - 5*l + 127 = 0. What is the remainder when 67 is divided by w?
33
Let a(d) = -d**2 + 13*d - 7. Let k be a(10). Suppose 2*t = 3*n + k, 3*n + 15 = t - 4. Calculate the remainder when 42/15*(5 - 0) is divided by t.
2
Let z(j) = j**2 - 3*j + 7. Let c be z(5). Suppose c*s + 115 = 22*s. Calculate the remainder when 43 is divided by s.
20
Let n(k) = 3*k**2 + k - 2. Calculate the remainder when 22 is divided by n(-2).
6
Suppose 2*l - d - 39 = 0, d = -5*l - 3*d + 65. What is the remainder when 33 is divided by l?
16
Let b = 9 + 1. Suppose -20 = -u - 2. Calculate the remainder when u is divided by b.
8
Let x be 35/2 - 9/(-18). Suppose -6 = 2*o - 0, -3*f + 2*o + x = 0. Let v = 25 + -14. Calculate the remainder when v is divided by f.
3
Let m(n) = -n**2 + 13*n - 15. Suppose -24 = -2*v + 3*u, -5*u + u - 60 = -5*v. Let q be m(v). Calculate the remainder when (-4)/6 - 149/q is divided by 17.
15
Suppose 6*d - 8*d + 18 = 0. Let m = d + -7. Suppose 0 = 3*x + v - 17, -5*x = m*v - 30 + 3. What is the remainder when 19 is divided by x?
5
Suppose -3*i = 4*u - 88, -4*u + 18 - 2 = 0. Calculate the remainder when (-1)/(-4) - 558/(-8) is divided by i.
22
Let v(z) = 15*z**2 - 6*z + 18. What is the remainder when v(3) is divided by 34?
33
Let b(p) = -p**3 + 6*p**2 + 6*p + 6. Let f be b(7). Let o be 1/f - (10 + -9). Let a(w) = -6*w + 2. What is the remainder when a(o) is divided by 8?
6
Let c(l) = -l**2 - 15*l - 5. Calculate the remainder when 86 is divided by c(-14).
5
Let q = 37 - 25. Suppose 5*r = m + 17, -3*r - m - 6 = -21. Let j = 9 - r. What is the remainder when q is divided by j?
2
Suppose 3 = 3*a - 5*u, 2*u = -0*u + 6. Let c(k) = k**2 - 7*k - 5. Let m be c(-5). Suppose 4*y = m + 13. What is the remainder when y is divided by a?
5
Suppose 0 = -0*o + 3*o - 51. Let m(n) = -67*n**3 - 1. Let c be m(-1). Suppose 3*g = g + c. What is the remainder when g is divided by o?
16
Suppose 8*f = 2*v + 4*f + 12, -3*v = 2*f + 2. Let z = 20 - v. Calculate the remainder when 64 is divided by z.
20
Let k = -42 + 66. Calculate the remainder when 68 is divided by k.
20
Let i(y) = y**2 - 3*y - 5. What is the remainder when (-1 - 25)/(-1) - 2 is divided by i(6)?
11
Suppose p - 143 = -v - 2*v, 4*v = -5*p + 176. Suppose -4*c - 19 + 71 = 0. Calculate the remainder when v is divided by (c/(-2))/(2/(-4)).
10
Let j be 9*((-12)/9)/(-4). Let v(f) be the second derivative of f**5/20 - f**4/12 - f**2 + 2*f. Calculate the remainder when v(j) is divided by 6.
4
Let j be 12/10*10/4. Suppose t - 461 + 143 = -3*c, -4*c + 424 = -j*t. Calculate the remainder when c is divided by 27.
25
What is the remainder when 108 is divided by ((-39)/(-15) - 3)/(4/(-300))?
18
Let k(q) = q**3 + 3*q**2 + 3*q + 1. Let g be k(-3). Let d = g + 11. What is the remainder when d is divided by 2?
1
Suppose 2*z - 2 = -0. Let g be (-1 - -2)/(z/(-5)). Let a = g + 7. Calculate the remainder when 4 is divided by a.
0
Suppose -4*g = o + 3*o - 24, -4*o = -2*g - 6. Suppose -5*y - 2*i = 2, -o + 6 = y - 3*i. Let t = y - -16. What is the remainder when 30 is divided by t?
14
Let a = 71 - 13. Suppose -21 = -2*v + 9. What is the remainder when a is divided by v?
13
Let d = 103 + -60. What is the remainder when d is divided by 11?
10
Suppose 4*y = -4*x - 28, 0*y + 2*y = -3*x - 21. Let a = x + 13. Calculate the remainder when 11 is divided by (a/7)/((-3)/(-21)).
5
Let i(y) = -y**3 - 16*y**2 - y - 8. What is the remainder when 30 is divided by i(-16)?
6
Let i(w) = -w + 6. Let l be i(6). Suppose -9 = -l*u - 3*u. Calculate the remainder when -10*(u - (-21)/(-5)) is divided by 5.
2
Let a = -6 - -8. Suppose -a*s = -6*s + 52. Suppose 11 + 9 = 4*m. What is the remainder when s is divided by m?
3
Let n(r) = r**3 - 4*r**2 - 4*r + 7. What is the remainder when 33 is divided by n(5)?
9
Suppose -28 = -60*y + 56*y. Calculate the remainder when y is divided by 2.
1
Suppose z + 9 = -3*y + 2, 0 = -5*y - 15. Suppose -n = z*n - 87. What is the remainder when n is divided by 6?
5
Let m = 17 + 84. Calculate the remainder when m is divided by 26.
23
Let y = -55 - -99. Suppose 4*w - 4 = y. What is the remainder when 34 is divided by w?
10
Suppose f + 11 = -0*f. Let p = -7 - f. Suppose -6*w + 89 = 23. Calculate the remainder when w is divided by p.
3
What is the remainder when 26/4 + (-3)/(-2) is divided by 3?
2
Suppose 28 = -2*p + 6*p. Calculate the remainder when 19 is divided by p.
5
Let j(f) = 12*f**3 - 5*f*